80?
1
What is the hundred thousands digit of 191648?
1
What is the units digit of 167759?
9
What is the hundreds digit of 614308?
3
What is the ten thousands digit of 323767?
2
What is the ten thousands digit of 60481?
6
What is the hundred thousands digit of 1770945?
7
What is the millions digit of 3947421?
3
What is the units digit of 4927403?
3
What is the ten thousands digit of 2077991?
7
What is the hundred thousands digit of 482485?
4
What is the hundreds digit of 65592?
5
What is the hundred thousands digit of 3863732?
8
What is the hundreds digit of 678178?
1
What is the units digit of 357372?
2
What is the tens digit of 147360?
6
What is the ten thousands digit of 93956?
9
What is the thousands digit of 121744?
1
What is the hundreds digit of 1655459?
4
What is the hundred thousands digit of 421883?
4
What is the ten thousands digit of 13312536?
1
What is the hundreds digit of 98075?
0
What is the tens digit of 276584?
8
What is the hundred thousands digit of 495162?
4
What is the ten thousands digit of 250517?
5
What is the hundred thousands digit of 1027885?
0
What is the thousands digit of 17264249?
4
What is the ten millions digit of 11182195?
1
What is the tens digit of 302489?
8
What is the tens digit of 22596523?
2
What is the tens digit of 5285080?
8
What is the ten thousands digit of 11812?
1
What is the ten thousands digit of 3643646?
4
What is the ten thousands digit of 2534438?
3
What is the thousands digit of 1390869?
0
What is the units digit of 120059?
9
What is the hundred thousands digit of 307510?
3
What is the ten thousands digit of 9102672?
0
What is the ten thousands digit of 176269?
7
What is the units digit of 97642?
2
What is the thousands digit of 3360929?
0
What is the units digit of 552292?
2
What is the ten thousands digit of 1170823?
7
What is the ten millions digit of 10766084?
1
What is the tens digit of 165981?
8
What is the tens digit of 2761713?
1
What is the thousands digit of 30947?
0
What is the thousands digit of 563111?
3
What is the units digit of 9528923?
3
What is the millions digit of 11017187?
1
What is the millions digit of 2525840?
2
What is the ten millions digit of 17211458?
1
What is the hundreds digit of 944503?
5
What is the ten thousands digit of 4961239?
6
What is the thousands digit of 949088?
9
What is the millions digit of 2964840?
2
What is the millions digit of 5852618?
5
What is the units digit of 343915?
5
What is the hundred thousands digit of 270998?
2
What is the units digit of 663625?
5
What is the ten thousands digit of 309443?
0
What is the hundreds digit of 44233?
2
What is the tens digit of 776883?
8
What is the ten thousands digit of 9875239?
7
What is the hundreds digit of 240907?
9
What is the thousands digit of 1192017?
2
What is the hundreds digit of 16058028?
0
What is the thousands digit of 1603643?
3
What is the millions digit of 4274339?
4
What is the hundred thousands digit of 3035625?
0
What is the hundred thousands digit of 14155715?
1
What is the hundreds digit of 2918809?
8
What is the thousands digit of 462951?
2
What is the hundreds digit of 273084?
0
What is the tens digit of 456705?
0
What is the units digit of 2178169?
9
What is the tens digit of 1306957?
5
What is the units digit of 5805694?
4
What is the hundreds digit of 12453055?
0
What is the hundreds digit of 4717214?
2
What is the thousands digit of 11564392?
4
What is the hundreds digit of 653303?
3
What is the hundreds digit of 2253246?
2
What is the units digit of 690383?
3
What is the thousands digit of 2737040?
7
What is the hundred thousands digit of 11165874?
1
What is the hundreds digit of 59517?
5
What is the thousands digit of 2010310?
0
What is the tens digit of 91665?
6
What is the hundreds digit of 1598356?
3
What is the hundreds digit of 2232108?
1
What is the hundred thousands digit of 1920229?
9
What is the tens digit of 311323?
2
What is the thousands digit of 210872?
0
What is the hundred thousands digit of 229854?
2
What is the thousands digit of 4924863?
4
What is the hundred thousands digit of 21363892?
3
What is the hundreds digit of 6906946?
9
What is the units digit of 406549?
9
What is the tens digit of 4687319?
1
What is the units digit of 747068?
8
What is the millions digit of 1156193?
1
What is the units digit of 3435504?
4
What is the units digit of 334194?
4
What is the thousands digit of 795764?
5
What is the thousands digit of 4539370?
9
What is the thousands digit of 65550?
5
What is the hundred thousands digit of 24534818?
5
What is the hundred thousands digit of 3545573?
5
What is the ten thousands digit of 190481?
9
What is the ten thousands digit of 32382?
3
What is the thousands digit of 9016999?
6
What is the tens digit of 5483113?
1
What is the tens digit of 422269?
6
What is the thousands digit of 7619955?
9
What is the hundreds digit of 3957953?
9
What is the thousands digit of 37277?
7
What is the ten thousands digit of 12257?
1
What is the tens digit of 219395?
9
What is the thousands digit of 257173?
7
What is the ten thousands digit of 807912?
0
What is the tens digit of 21790658?
5
What is the tens digit of 972819?
1
What is the ten thousands digit of 19916?
1
What is the millions digit of 8444560?
8
What is the hundreds digit of 861943?
9
What is the ten thousands digit of 1259528?
5
What is the units digit of 238543?
3
What is the units digit of 306603?
3
What is the thousands digit of 968215?
8
What is the tens digit of 7075689?
8
What is the millions digit of 2754858?
2
What is the units digit of 400116?
6
What is the ten thousands digit of 415519?
1
What is the hundred thousands digit of 369470?
3
What is the tens digit of 4999145?
4
What is the tens digit of 94637?
3
What is the hundreds digit of 6624191?
1
What is the units digit of 101229?
9
What is the ten thousands digit of 1193784?
9
What is the ten thousands digit of 1797337?
9
What is the hundreds digit of 235791?
7
What is the thousands digit of 17421?
7
What is the hundreds digit of 70143?
1
What is the ten thousands digit of 1521117?
2
What is the tens digit of 26972172?
7
What is the units digit of 13765722?
2
What is the units digit of 3498806?
6
What is the ten thousands digit of 210353?
1
What is the millions digit of 2218979?
2
What is the thousands digit of 42829?
2
What is the tens digit of 6522051?
5
What is the hundreds digit of 6155467?
4
What is the hundred thousands digit of 1928999?
9
What is the thousands digit of 2652020?
2
What is the thousands digit of 261044?
1
What is the ten thousands digit of 10637776?
3
What is the tens digit of 836880?
8
What is the hundreds digit of 156393?
3
What is the hundreds digit of 1809792?
7
What is the thousands digit of 214158?
4
What is the thousands digit of 589831?
9
What is the ten thousands digit of 20293?
2
What is the tens digit of 417773?
7
What is the ten thousands digit of 867367?
6
What is the ten thousands digit of 3658155?
5
What is the thousands digit of 2414346?
4
What is the ten millions digit of 15702659?
1
What is the millions digit of 35703598?
5
What is the hundreds digit of 12474?
4
What is the tens digit of 3083691?
9
What is the hundreds digit of 21547575?
5
What is the ten thousands digit of 1954535?
5
What is the units digit of 748588?
8
What is the tens digit of 49725?
2
What is the units digit of 4063475?
5
What is the millions digit of 2348323?
2
What is the tens digit of 7690378?
7
What is the ten thousands digit of 114139?
1
What is the hundred thousands digit of 4901910?
9
What is the units digit of 9632291?
1
What is the hundred thousands digit of 8462171?
4
What is the hundreds digit of 298810?
8
What is the tens digit of 311036?
3
What is the ten thousands digit of 9053307?
5
What is the millions digit of 11360722?
1
What is the hundred thousands digit of 240354?
2
What is the hundreds digit of 94660?
6
What is the thousands digit of 931500?
1
What is the hundreds digit of 324906?
9
What is the ten thousands digit of 9312500?
1
What is the ten thousands digit of 231443?
3
What is the thousands digit of 5199171?
9
What is the millions digit of 7317213?
7
What is the units digit of 109110?
0
What is the tens digit of 203063?
6
What is the ten millions digit of 10234099?
1
What is the thousands